?
86c4b9
Convert 2120100300 (base 4) to base 16.
98430
-110010001110101 (base 2) to base 5
-1310332
What is -a86a9 (base 14) in base 5?
-101014222
Convert 122111010022 (base 3) to base 7.
2632301
-21826 (base 13) to base 10
-60703
-141053515 (base 6) to base 3
-12100222001002
-1ba761 (base 12) to base 5
-111322124
What is 1505a20 (base 12) in base 4?
100023031320
What is 426923 (base 11) in base 16?
a6a5a
-1366462 (base 7) to base 2
-101101000111000110
Convert -605133 (base 8) to base 12.
-9738b
Convert -212102 (base 8) to base 2.
-10001010001000010
What is 210220100210 (base 3) in base 12?
189593
Convert -3a45 (base 12) to base 7.
-25316
What is -7db21 (base 14) in base 10?
-306769
329366 (base 11) to base 9
878855
-7098 (base 12) to base 9
-17668
What is 21111000021 (base 3) in base 10?
147265
What is -11404231301 (base 5) in base 10?
-13352076
d85324 (base 14) to base 4
123321133210
What is 2c2771 (base 14) in base 2?
101111000110110101111
What is 8d33a (base 16) in base 4?
2031030322
-273c77 (base 13) to base 5
-220414410
What is -11110110100 (base 2) in base 11?
-1533
-10001111010000011000 (base 2) to base 9
-1083813
-113002355 (base 7) to base 8
-32366724
Convert 12122222210 (base 3) to base 4.
123032223
What is -766650 (base 10) in base 4?
-2323022322
-42a50 (base 16) to base 14
-716a4
Convert -1de0 (base 16) to base 4.
-1313200
Convert 1012332442 (base 5) to base 15.
2ae84c
Convert 119686 (base 13) to base 16.
66b8f
Convert 1fba28 (base 16) to base 14.
3c1a76
Convert 3310664 (base 8) to base 7.
10362422
215606 (base 7) to base 6
452022
What is -1010011000111011 (base 2) in base 14?
-11719
What is 10100352 (base 6) in base 2?
1000110010001101100
Convert 30209b (base 12) to base 13.
20353a
What is 20202310033 (base 4) in base 2?
1000100010110100001111
-2213033022 (base 4) to base 7
-5552043
What is 10444121 (base 6) in base 3?
121010000211
Convert -1016663 (base 7) to base 9.
-205862
Convert 1101100001001110000101 (base 2) to base 5.
1401401231
-1528856 (base 9) to base 10
-846339
Convert 3564990 (base 10) to base 2.
1101100110010110111110
Convert b0c61 (base 15) to base 5.
120402131
What is -444c9 (base 15) in base 16?
-35001
What is -103768a (base 13) in base 10?
-4928999
12c9b8 (base 13) to base 12
1a0197
251727 (base 8) to base 2
10101001111010111
Convert -200001101201100 (base 3) to base 7.
-144354123
Convert -436574a (base 12) to base 5.
-11240341204
What is 102302002 (base 4) in base 7?
440200
Convert 223536 (base 12) to base 15.
ab78c
-63520 (base 11) to base 10
-92466
-9c72 (base 16) to base 13
-152ca
Convert -141368 (base 15) to base 11.
-5aa873
What is 10500504 (base 6) in base 12?
134734
-127806 (base 10) to base 13
-46233
Convert 5340446 (base 7) to base 6.
21522152
Convert -166c40 (base 16) to base 7.
-15330161
Convert -13130546 (base 7) to base 6.
-41423055
Convert -ab465 (base 15) to base 11.
-341aa2
Convert 34433400 (base 5) to base 6.
10403101
99e2cd (base 15) to base 11
4162082
Convert -306440 (base 8) to base 13.
-37374
96153 (base 11) to base 2
100010001010011110
Convert -150242013 (base 7) to base 16.
-97771e
What is 3264666 (base 7) in base 6?
12344133
Convert 17242 (base 8) to base 3.
101202110
What is 1533630 (base 7) in base 4?
303110313
Convert -2739479 (base 10) to base 3.
-12011011212012
1022113003 (base 5) to base 13
5a12b0
Convert -2143412 (base 6) to base 16.
-1a240
Convert 2cbec1 (base 16) to base 10.
2932417
-1372526 (base 8) to base 4
-1133111112
-8e8289 (base 16) to base 13
-1c20064
Convert 5400179 (base 11) to base 5.
4413032331
What is 3350636 (base 7) in base 16?
657ce
Convert -1101202111020 (base 3) to base 11.
-468424
Convert -110111110001101010101 (base 2) to base 15.
-2617e9
Convert 5034876 (base 10) to base 12.
1829850
What is -42220545 (base 6) in base 10?
-1231409
Convert -102202202220 (base 3) to base 5.
-24403112
What is 343320131 (base 6) in base 15?
84de0a
What is 33252051 (base 6) in base 10?
1002271
Convert 33516 (base 14) to base 15.
26d3a
111101010110110111110 (base 2) to base 12
80b626
What is 1302030102 (base 4) in base 3?
212202121100
What is -4698528 (base 10) in base 14?
-8a4412
Convert -42222010 (base 5) to base 6.
-11311201
Convert 12a02a7 (base 12) to base 8.
16051637
What is 11101100111010001 (base 2) in base 11?
83150
What is -8bc8f (base 16) in base 13?
-1707c0
Convert -77a610 (base 12) to base 16.
-1d11ec
-111110110011101010110 (base 2) to base 3
-10212120010211
d08b2 (base 15) to base 9
1215425
What is 2330331142 (base 5) in base 14?
9c82c2
Convert -20a527 (base 16) to base 6.
-113504435
-bed7 (base 15) to base 12
-1b511
112100122202 (base 3) to base 9
470582
What is 21023 (base 7) in base 14?
1c4a
Convert 17a1a1 (base 11) to base 9.
462066
Convert 10110143 (base 5) to base 4.
110000003
What is 2187d (base 15) in base 13?
39658
What is -1000011011000101010100 (base 2) in base 7?
-24524364
What is -1100200 (base 3) in base 13?
-5b2
Convert 770686 (base 9) to base 8.
1602072
What is -30232022 (base 4) in base 16?
-cb8a
2130331321 (base 4) to base 9
1178844
2002111210012 (base 3) to base 5
241043142
-262783 (base 10) to base 3
-111100110201
Convert 2223003304 (base 5) to base 15.
66931e
Convert 100011001010000000001001 (base 2) to base 15.
c20a09
20550414 (base 6) to base 2
10010011110011001010
Convert -200031000 (base 4) to base 10.
-131904
What is 489c8 (base 16) in base 15?
5d1cb
What is 4556663 (base 9) in base 4?
21120101223
20201100222222 (base 3) to base 12
1241b08
Convert 10110011101011000011110 (base 2) to base 6.
330105010
What is -662572 (base 10) in base 2?
-10100001110000101100
What is 2021101 (base 3) in base 11?
1277
31035401 (base 8) to base 11
3787190
What is 343300203 (base 5) in base 8?
5701106
643121 (base 7) to base 14
2c911
Convert -1642416 (base 9) to base 13.
-25cbc6
1000110010001101100 (base 2) to base 14
76c8c
Convert -218660 (base 9) to base 11.
-8a49a
Convert -336665 (base 7) to base 5.
-3410043
Convert 240444422 (base 5) to base 11.
698531
Convert -14713 (base 14) to base 8.
-143135
-20441341 (base 5) to base 15
-35c16
Convert 40340113 (base 5) to base 14.
86320
74a033 (base 12) to base 14
35d459
What is -5587006 (base 9) in base 2?
-1011011110110111111111
Convert 511662 (base 9) to base 5.
34144302
What is -12500416 (base 7) in base 8?
-4270455
-11234505 (base 6) to base 3
-122122002212
What is 15302231 (base 6) in base 3?
1000021201101
b1a21a (base 15) to base 14
11990c7
Convert -28ba680 (base 12) to base 4.
-133110021000
-231000123113 (base 4) to base 3
-211012102010112
What is -220505 (base 10) in base 7?
-1605605
Convert -516161 (base 7) to base 15.
-1b3ab
-1433435 (base 7) to base 10
-193331
Convert -6bbb (base 15) to base 9.
-34365
What is -242201044 (base 5) in base 9?
-2113880
Convert -32176653 (base 8) to base 2.
-11010001111110110101011
Convert 2245530 (base 6) to base 14.
30058
5150444 (base 7) to base 9
1140672
Convert -25a31a (base 11) to base 12.
-178835
Convert 461b3 (base 12) to base 15.
1cae6
-333624 (base 8) to base 7
-646040
-201706 (base 8) to base 4
-100033012
What is -2a080 (base 15) in base 2?
-100000111111010000
Convert -621120 (base 7) to base 8.
-317102
What is -32575622 (base 8) in base 5?
-3243324333
15104305 (base 7) to base 15
1d3b14
Convert 8d6818 (base 16) to base 7.
141525101
Convert 605542 (base 8) to base 14.
529d8
-434342220 (base 6) to base 9
-15557733
-51496 (base 14) to base 10
-195740
What is -12011420302 (base 5) in base 8?
-64440774
What is 110011011000010110 (base 2) in base 11?
134132
Convert 38900 (base 15) to base 6.
3513300
-19638 (base 10) to base 9
-28840
-2464260 (base 9) to base 12
-548460
Convert 100011001111100100001 (base 2) to base 3.
2011200011012
Convert -213432 (base 9) to base 13.
-45b87
What is -4430384 (base 11) in base 7?
-123041063
What is -113244223 (base 5) in base 10?
-524938
Convert -6503520 (base 7) to base 12.
-321a69
Convert 73280b (base 13) to base 16.
290dbb
What is 9281 (base 13) in base 3?
1000201202
Convert 1321725 (base 8) to base 9.
623020
-124200112 (base 6) to base 13
-6764c9
What is -2c1614 (base 13) in base 4?
-10021300202
541007 (base 12) to base 8
5043307
Convert -22cac2 (base 14) to base 4.
-10201323102
2102221101 (base 3) to base 10
48070
What is -4205540 (